{"id":16,"date":"2022-11-24T15:59:00","date_gmt":"2022-11-24T14:59:00","guid":{"rendered":"http:\/\/wordpress.localhost\/?p=16"},"modified":"2023-02-16T09:41:14","modified_gmt":"2023-02-16T08:41:14","slug":"le-dispositif-de-recueil","status":"publish","type":"page","link":"https:\/\/www.revarrhone.org\/index.php\/le-dispositif-de-recueil\/","title":{"rendered":"Le dispositif de recueil"},"content":{"rendered":"\n<div class=\"wp-block-columns is-layout-flex wp-container-core-columns-is-layout-9d6595d7 wp-block-columns-is-layout-flex\">\n<div class=\"wp-block-column is-layout-flow wp-block-column-is-layout-flow\" style=\"flex-basis:20%\"><nav style=\"background-color: #dfdcdc;\" class=\"has-text-color has-black-color has-background has-small-font-size is-responsive wp-block-navigation is-layout-flex wp-block-navigation-is-layout-flex\" aria-label=\"Principes\" \n\t\t data-wp-interactive=\"core\/navigation\" data-wp-context='{\"overlayOpenedBy\":{\"click\":false,\"hover\":false,\"focus\":false},\"type\":\"overlay\",\"roleAttribute\":\"\",\"ariaLabel\":\"Menu\"}'><button aria-haspopup=\"dialog\" aria-label=\"Ouvrir le menu\" class=\"wp-block-navigation__responsive-container-open\" \n\t\t\t\tdata-wp-on--click=\"actions.openMenuOnClick\"\n\t\t\t\tdata-wp-on--keydown=\"actions.handleMenuKeydown\"\n\t\t\t><svg width=\"24\" height=\"24\" xmlns=\"http:\/\/www.w3.org\/2000\/svg\" viewBox=\"0 0 24 24\" aria-hidden=\"true\" focusable=\"false\"><path d=\"M4 7.5h16v1.5H4z\"><\/path><path d=\"M4 15h16v1.5H4z\"><\/path><\/svg><\/button>\n\t\t\t\t<div class=\"wp-block-navigation__responsive-container\"  id=\"modal-1\" \n\t\t\t\tdata-wp-class--has-modal-open=\"state.isMenuOpen\"\n\t\t\t\tdata-wp-class--is-menu-open=\"state.isMenuOpen\"\n\t\t\t\tdata-wp-watch=\"callbacks.initMenu\"\n\t\t\t\tdata-wp-on--keydown=\"actions.handleMenuKeydown\"\n\t\t\t\tdata-wp-on--focusout=\"actions.handleMenuFocusout\"\n\t\t\t\ttabindex=\"-1\"\n\t\t\t>\n\t\t\t\t\t<div class=\"wp-block-navigation__responsive-close\" tabindex=\"-1\">\n\t\t\t\t\t\t<div class=\"wp-block-navigation__responsive-dialog\" \n\t\t\t\tdata-wp-bind--aria-modal=\"state.ariaModal\"\n\t\t\t\tdata-wp-bind--aria-label=\"state.ariaLabel\"\n\t\t\t\tdata-wp-bind--role=\"state.roleAttribute\"\n\t\t\t>\n\t\t\t\t\t\t\t<button aria-label=\"Fermer le menu\" class=\"wp-block-navigation__responsive-container-close\" \n\t\t\t\tdata-wp-on--click=\"actions.closeMenuOnClick\"\n\t\t\t><svg xmlns=\"http:\/\/www.w3.org\/2000\/svg\" viewBox=\"0 0 24 24\" width=\"24\" height=\"24\" aria-hidden=\"true\" focusable=\"false\"><path d=\"m13.06 12 6.47-6.47-1.06-1.06L12 10.94 5.53 4.47 4.47 5.53 10.94 12l-6.47 6.47 1.06 1.06L12 13.06l6.47 6.47 1.06-1.06L13.06 12Z\"><\/path><\/svg><\/button>\n\t\t\t\t\t\t\t<div class=\"wp-block-navigation__responsive-container-content\" \n\t\t\t\tdata-wp-watch=\"callbacks.focusFirstElement\"\n\t\t\t id=\"modal-1-content\">\n\t\t\t\t\t\t\t\t<ul style=\"background-color: #dfdcdc;\" class=\"wp-block-navigation__container has-text-color has-black-color has-background has-small-font-size is-responsive wp-block-navigation has-small-font-size\"><li class=\"has-small-font-size wp-block-navigation-item wp-block-navigation-link\"><a class=\"wp-block-navigation-item__content\"  href=\"https:\/\/www.revarrhone.org\/index.php\/le-dispositif-de-recueil\/\"><span class=\"wp-block-navigation-item__label\"><strong>Le dispositif de recueil<\/strong><\/span><\/a><\/li><li class=\"has-small-font-size wp-block-navigation-item wp-block-navigation-link\"><a class=\"wp-block-navigation-item__content\"  href=\"https:\/\/www.revarrhone.org\/index.php\/les-donnees-recueillies\/\"><span class=\"wp-block-navigation-item__label\">Les donn\u00e9es recueillies<\/span><\/a><\/li><li class=\"has-small-font-size wp-block-navigation-item wp-block-navigation-link\"><a class=\"wp-block-navigation-item__content\"  href=\"https:\/\/www.revarrhone.org\/index.php\/le-suivi-des-blesses-dans-leur-parcours-hospitalier\/\"><span class=\"wp-block-navigation-item__label\">Le suivi des bless\u00e9s dans leur parcours hospitalier<\/span><\/a><\/li><li class=\"has-small-font-size wp-block-navigation-item wp-block-navigation-link\"><a class=\"wp-block-navigation-item__content\"  href=\"https:\/\/www.revarrhone.org\/index.php\/les-victimes-decedees\/\"><span class=\"wp-block-navigation-item__label\">Les victimes d\u00e9c\u00e9d\u00e9es<\/span><\/a><\/li><li class=\"has-small-font-size wp-block-navigation-item wp-block-navigation-link\"><a class=\"wp-block-navigation-item__content\"  href=\"https:\/\/www.revarrhone.org\/index.php\/le-traitement-et-la-saisie-des-fiches\/\"><span class=\"wp-block-navigation-item__label\">Le traitement et la saisie des fiches<\/span><\/a><\/li><li class=\"has-small-font-size wp-block-navigation-item wp-block-navigation-link\"><a class=\"wp-block-navigation-item__content\"  href=\"https:\/\/www.revarrhone.org\/index.php\/autres-sources-de-recueil\/\"><span class=\"wp-block-navigation-item__label\">Autres sources de recueil<\/span><\/a><\/li><li class=\"has-small-font-size wp-block-navigation-item wp-block-navigation-link\"><a class=\"wp-block-navigation-item__content\"  href=\"https:\/\/www.revarrhone.org\/index.php\/confidentialite\/\"><span class=\"wp-block-navigation-item__label\">Confidentialit\u00e9<\/span><\/a><\/li><li class=\"has-small-font-size wp-block-navigation-item wp-block-navigation-link\"><a class=\"wp-block-navigation-item__content\"  href=\"https:\/\/www.revarrhone.org\/index.php\/utilisation-des-donnees\/\"><span class=\"wp-block-navigation-item__label\">Utilisation des donn\u00e9es<\/span><\/a><\/li><\/ul>\n\t\t\t\t\t\t\t<\/div>\n\t\t\t\t\t\t<\/div>\n\t\t\t\t\t<\/div>\n\t\t\t\t<\/div><\/nav><\/div>\n\n\n\n<div class=\"wp-block-column is-layout-flow wp-block-column-is-layout-flow\" style=\"flex-basis:66.66%\">\n<p>Le recensement des cas est effectu\u00e9 de fa\u00e7on active dans les services ayant accept\u00e9 la mise en place du Registre. L\u2019organisation du recueil varie en fonction de chaque structure sanitaire et s\u2019adapte aux activit\u00e9s du service&nbsp;: taille du service, sp\u00e9cialit\u00e9, informatisation ou non du dossier m\u00e9dical, etc.<\/p>\n\n\n\n<!--more-->\n\n\n\n<p>Dans chaque service, un interlocuteur sert d\u2019interface entre l\u2019\u00e9quipe soignante et le m\u00e9decin charg\u00e9 de la coordination du Registre. Le recueil pr\u00e9-hospitalier est assur\u00e9 par l\u2019\u00e9quipe du Samu.<br>La mise en place du dossier m\u00e9dical informatis\u00e9 a permis d\u2019am\u00e9liorer l\u2019exhaustivit\u00e9 et la qualit\u00e9 le recueil dans les structures qui en sont \u00e9quip\u00e9es. Les items de la fiche Registre ont \u00e9t\u00e9 utilis\u00e9s pour cr\u00e9er une observation type qui est compl\u00e9t\u00e9e lors de la prise en charge sanitaire des bless\u00e9s. Ce dispositif qui concerne les services de grande taille recueille de fait les donn\u00e9es n\u00e9cessaires.<br>Dans d\u2019autres services, le recueil s\u2019effectue sur un formulaire informatis\u00e9&nbsp;; les donn\u00e9es sont extraites \u00e0 partir du dossier m\u00e9dical. Dans d\u2019autres encore, souvent de plus petite taille, le personnel m\u00e9dico-administratif remplit la fiche \u00e0 l\u2019accueil puis la fait suivre dans le dossier m\u00e9dical du patient pour qu\u2019elle soit compl\u00e9t\u00e9e par le personnel soignant.<\/p>\n\n\n\n<p>Le recueil des donn\u00e9es demande un investissement lourd en temps et en travail. Pour ne pas g\u00e9n\u00e9rer de surcharge de travail pour les \u00e9quipes soignantes, le m\u00e9decin du Registre renforce, notamment dans les services d\u2019urgence de grande taille, la collecte des donn\u00e9es en s\u2019y rendant de fa\u00e7on syst\u00e9matique et r\u00e9guli\u00e8re. Ce contact permanent avec les \u00e9quipes m\u00e9dicales a permis de mieux sensibiliser les professionnels de sant\u00e9 sur l\u2019int\u00e9r\u00eat d\u2019enregistrer tous les \u00e9l\u00e9ments n\u00e9cessaires pour une utilisation efficace des donn\u00e9es.<\/p>\n\n\n\n<p>Pour s\u2019assurer de l\u2019exhaustivit\u00e9 du recueil, toutes les sources d\u2019information disponibles sont v\u00e9rifi\u00e9es&nbsp;: dossiers m\u00e9dicaux, lecture des feuilles de d\u00e9chocage, des registres d\u2019admission, des fiches pompiers, des interventions Samu.<br>Pour les personnes d\u00e9c\u00e9d\u00e9es imm\u00e9diatement sur les lieux de l\u2019accident, le signalement est fait par le Samu et par les unit\u00e9s de m\u00e9decine l\u00e9gale.<br>Les externes en m\u00e9decine sont inform\u00e9s du dispositif et sensibilis\u00e9s&nbsp;; ils constituent ainsi un relais important pour la poursuite, la p\u00e9rennisation, et la valorisation du Registre lors de leurs diff\u00e9rents stages hospitaliers.<br>Les personnes aupr\u00e8s desquelles sont recueillies des donn\u00e9es nominatives sont inform\u00e9es de la nature des informations transmises, de la finalit\u00e9 des donn\u00e9es, des personnes physiques ou morales destinataires des donn\u00e9es quand, bien s\u00fbr, le statut vital de la victime le permet. Dans le cas contraire ce sont les proches qui sont inform\u00e9s.<br>Des affichettes ont \u00e9t\u00e9 \u00e9dit\u00e9es dans les salles d\u2019attente des urgences pour informer les patients de l\u2019existence de ce Registre. Il s\u2019agit d\u2019une d\u00e9marche p\u00e9dagogique pour que les acteurs concern\u00e9s comprennent \u00e0 quoi servent les donn\u00e9es recueillies, notamment leur utilisation \u00e0 vis\u00e9e collective.<\/p>\n\n\n\n<p>En compl\u00e9ment du recueil proprement dit effectu\u00e9 en routine dans les services de soins, les services informatiques des Hospices Civils de Lyon nous fournissent depuis 2007 toutes les observations suppos\u00e9es correspondre \u00e0 un accident de la route dans le Rh\u00f4ne. Quelques pr\u00e9cautions sont cependant \u00e0 prendre dans l\u2019exploitation de cette source&nbsp;: la premi\u00e8re a trait \u00e0 l\u2019unit\u00e9 g\u00e9ographique, la seconde est li\u00e9e au manque d\u2019information sur les caract\u00e9ristiques accidentologiques. L\u2019impr\u00e9cision relative du lieu d\u2019accident ou des informations accidentologiques disponibles constitue une des difficult\u00e9s d\u2019exploitation de ce syst\u00e8me d\u2019information en milieu m\u00e9dical, notamment pour les bless\u00e9s qui ne sont pas transport\u00e9s par les services de secours. Les services administratifs nous renseignent au cas o\u00f9 l\u2019information serait erron\u00e9e sur les donn\u00e9es individuelles des bless\u00e9s ou le lieu de transfert ext\u00e9rieur.<\/p>\n\n\n\n<p>Le dispositif de recueil poss\u00e8de un certain nombre d\u2019attributs\u00a0: simplicit\u00e9, souplesse, acceptabilit\u00e9, fiabilit\u00e9 mais mobilise d\u2019importantes ressources humaines et financi\u00e8res.<\/p>\n<\/div>\n<\/div>\n","protected":false},"excerpt":{"rendered":"<p>Le recensement des cas est effectu\u00e9 de fa\u00e7on active dans les services ayant accept\u00e9 la mise en place du Registre. L\u2019organisation du recueil varie en fonction de chaque structure sanitaire et s\u2019adapte aux activit\u00e9s du service&nbsp;: taille du service, sp\u00e9cialit\u00e9, &hellip; <\/p>\n","protected":false},"author":1,"featured_media":0,"parent":0,"menu_order":0,"comment_status":"open","ping_status":"open","template":"","meta":{"footnotes":""},"class_list":["post-16","page","type-page","status-publish","hentry","latest_post"],"_links":{"self":[{"href":"https:\/\/www.revarrhone.org\/index.php\/wp-json\/wp\/v2\/pages\/16","targetHints":{"allow":["GET"]}}],"collection":[{"href":"https:\/\/www.revarrhone.org\/index.php\/wp-json\/wp\/v2\/pages"}],"about":[{"href":"https:\/\/www.revarrhone.org\/index.php\/wp-json\/wp\/v2\/types\/page"}],"author":[{"embeddable":true,"href":"https:\/\/www.revarrhone.org\/index.php\/wp-json\/wp\/v2\/users\/1"}],"replies":[{"embeddable":true,"href":"https:\/\/www.revarrhone.org\/index.php\/wp-json\/wp\/v2\/comments?post=16"}],"version-history":[{"count":13,"href":"https:\/\/www.revarrhone.org\/index.php\/wp-json\/wp\/v2\/pages\/16\/revisions"}],"predecessor-version":[{"id":2146,"href":"https:\/\/www.revarrhone.org\/index.php\/wp-json\/wp\/v2\/pages\/16\/revisions\/2146"}],"wp:attachment":[{"href":"https:\/\/www.revarrhone.org\/index.php\/wp-json\/wp\/v2\/media?parent=16"}],"curies":[{"name":"wp","href":"https:\/\/api.w.org\/{rel}","templated":true}]}}

<div class="wp-block-columns is-layout-flex wp-container-core-columns-is-layout-9d6595d7 wp-block-columns-is-layout-flex">
<div class="wp-block-column is-layout-flow wp-block-column-is-layout-flow" style="flex-basis:20%"><nav style="background-color: #dfdcdc;" class="has-text-color has-black-color has-background has-small-font-size is-responsive wp-block-navigation is-layout-flex wp-block-navigation-is-layout-flex" aria-label="Principes" 
		 data-wp-interactive="core/navigation" data-wp-context='{"overlayOpenedBy":{"click":false,"hover":false,"focus":false},"type":"overlay","roleAttribute":"","ariaLabel":"Menu"}'><button aria-haspopup="dialog" aria-label="Ouvrir le menu" class="wp-block-navigation__responsive-container-open" 
				data-wp-on--click="actions.openMenuOnClick"
				data-wp-on--keydown="actions.handleMenuKeydown"
			><svg width="24" height="24" xmlns="http://www.w3.org/2000/svg" viewBox="0 0 24 24" aria-hidden="true" focusable="false"><path d="M4 7.5h16v1.5H4z"></path><path d="M4 15h16v1.5H4z"></path></svg></button>
				<div class="wp-block-navigation__responsive-container"  id="modal-1" 
				data-wp-class--has-modal-open="state.isMenuOpen"
				data-wp-class--is-menu-open="state.isMenuOpen"
				data-wp-watch="callbacks.initMenu"
				data-wp-on--keydown="actions.handleMenuKeydown"
				data-wp-on--focusout="actions.handleMenuFocusout"
				tabindex="-1"
			>
					<div class="wp-block-navigation__responsive-close" tabindex="-1">
						<div class="wp-block-navigation__responsive-dialog" 
				data-wp-bind--aria-modal="state.ariaModal"
				data-wp-bind--aria-label="state.ariaLabel"
				data-wp-bind--role="state.roleAttribute"
			>
							<button aria-label="Fermer le menu" class="wp-block-navigation__responsive-container-close" 
				data-wp-on--click="actions.closeMenuOnClick"
			><svg xmlns="http://www.w3.org/2000/svg" viewBox="0 0 24 24" width="24" height="24" aria-hidden="true" focusable="false"><path d="m13.06 12 6.47-6.47-1.06-1.06L12 10.94 5.53 4.47 4.47 5.53 10.94 12l-6.47 6.47 1.06 1.06L12 13.06l6.47 6.47 1.06-1.06L13.06 12Z"></path></svg></button>
							<div class="wp-block-navigation__responsive-container-content" 
				data-wp-watch="callbacks.focusFirstElement"
			 id="modal-1-content">
								<ul style="background-color: #dfdcdc;" class="wp-block-navigation__container has-text-color has-black-color has-background has-small-font-size is-responsive wp-block-navigation has-small-font-size"><li class="has-small-font-size wp-block-navigation-item wp-block-navigation-link"><a class="wp-block-navigation-item__content"  href="https://www.revarrhone.org/index.php/le-dispositif-de-recueil/"><span class="wp-block-navigation-item__label"><strong>Le dispositif de recueil</strong></span></a></li><li class="has-small-font-size wp-block-navigation-item wp-block-navigation-link"><a class="wp-block-navigation-item__content"  href="https://www.revarrhone.org/index.php/les-donnees-recueillies/"><span class="wp-block-navigation-item__label">Les données recueillies</span></a></li><li class="has-small-font-size wp-block-navigation-item wp-block-navigation-link"><a class="wp-block-navigation-item__content"  href="https://www.revarrhone.org/index.php/le-suivi-des-blesses-dans-leur-parcours-hospitalier/"><span class="wp-block-navigation-item__label">Le suivi des blessés dans leur parcours hospitalier</span></a></li><li class="has-small-font-size wp-block-navigation-item wp-block-navigation-link"><a class="wp-block-navigation-item__content"  href="https://www.revarrhone.org/index.php/les-victimes-decedees/"><span class="wp-block-navigation-item__label">Les victimes décédées</span></a></li><li class="has-small-font-size wp-block-navigation-item wp-block-navigation-link"><a class="wp-block-navigation-item__content"  href="https://www.revarrhone.org/index.php/le-traitement-et-la-saisie-des-fiches/"><span class="wp-block-navigation-item__label">Le traitement et la saisie des fiches</span></a></li><li class="has-small-font-size wp-block-navigation-item wp-block-navigation-link"><a class="wp-block-navigation-item__content"  href="https://www.revarrhone.org/index.php/autres-sources-de-recueil/"><span class="wp-block-navigation-item__label">Autres sources de recueil</span></a></li><li class="has-small-font-size wp-block-navigation-item wp-block-navigation-link"><a class="wp-block-navigation-item__content"  href="https://www.revarrhone.org/index.php/confidentialite/"><span class="wp-block-navigation-item__label">Confidentialité</span></a></li><li class="has-small-font-size wp-block-navigation-item wp-block-navigation-link"><a class="wp-block-navigation-item__content"  href="https://www.revarrhone.org/index.php/utilisation-des-donnees/"><span class="wp-block-navigation-item__label">Utilisation des données</span></a></li></ul>
							</div>
						</div>
					</div>
				</div></nav></div>



<div class="wp-block-column is-layout-flow wp-block-column-is-layout-flow" style="flex-basis:66.66%">
<p>Le recensement des cas est effectué de façon active dans les services ayant accepté la mise en place du Registre. L’organisation du recueil varie en fonction de chaque structure sanitaire et s’adapte aux activités du service&nbsp;: taille du service, spécialité, informatisation ou non du dossier médical, etc.</p>



<!--more-->



<p>Dans chaque service, un interlocuteur sert d’interface entre l’équipe soignante et le médecin chargé de la coordination du Registre. Le recueil pré-hospitalier est assuré par l’équipe du Samu.<br>La mise en place du dossier médical informatisé a permis d’améliorer l’exhaustivité et la qualité le recueil dans les structures qui en sont équipées. Les items de la fiche Registre ont été utilisés pour créer une observation type qui est complétée lors de la prise en charge sanitaire des blessés. Ce dispositif qui concerne les services de grande taille recueille de fait les données nécessaires.<br>Dans d’autres services, le recueil s’effectue sur un formulaire informatisé&nbsp;; les données sont extraites à partir du dossier médical. Dans d’autres encore, souvent de plus petite taille, le personnel médico-administratif remplit la fiche à l’accueil puis la fait suivre dans le dossier médical du patient pour qu’elle soit complétée par le personnel soignant.</p>



<p>Le recueil des données demande un investissement lourd en temps et en travail. Pour ne pas générer de surcharge de travail pour les équipes soignantes, le médecin du Registre renforce, notamment dans les services d’urgence de grande taille, la collecte des données en s’y rendant de façon systématique et régulière. Ce contact permanent avec les équipes médicales a permis de mieux sensibiliser les professionnels de santé sur l’intérêt d’enregistrer tous les éléments nécessaires pour une utilisation efficace des données.</p>



<p>Pour s’assurer de l’exhaustivité du recueil, toutes les sources d’information disponibles sont vérifiées&nbsp;: dossiers médicaux, lecture des feuilles de déchocage, des registres d’admission, des fiches pompiers, des interventions Samu.<br>Pour les personnes décédées immédiatement sur les lieux de l’accident, le signalement est fait par le Samu et par les unités de médecine légale.<br>Les externes en médecine sont informés du dispositif et sensibilisés&nbsp;; ils constituent ainsi un relais important pour la poursuite, la pérennisation, et la valorisation du Registre lors de leurs différents stages hospitaliers.<br>Les personnes auprès desquelles sont recueillies des données nominatives sont informées de la nature des informations transmises, de la finalité des données, des personnes physiques ou morales destinataires des données quand, bien sûr, le statut vital de la victime le permet. Dans le cas contraire ce sont les proches qui sont informés.<br>Des affichettes ont été éditées dans les salles d’attente des urgences pour informer les patients de l’existence de ce Registre. Il s’agit d’une démarche pédagogique pour que les acteurs concernés comprennent à quoi servent les données recueillies, notamment leur utilisation à visée collective.</p>



<p>En complément du recueil proprement dit effectué en routine dans les services de soins, les services informatiques des Hospices Civils de Lyon nous fournissent depuis 2007 toutes les observations supposées correspondre à un accident de la route dans le Rhône. Quelques précautions sont cependant à prendre dans l’exploitation de cette source&nbsp;: la première a trait à l’unité géographique, la seconde est liée au manque d’information sur les caractéristiques accidentologiques. L’imprécision relative du lieu d’accident ou des informations accidentologiques disponibles constitue une des difficultés d’exploitation de ce système d’information en milieu médical, notamment pour les blessés qui ne sont pas transportés par les services de secours. Les services administratifs nous renseignent au cas où l’information serait erronée sur les données individuelles des blessés ou le lieu de transfert extérieur.</p>



<p>Le dispositif de recueil possède un certain nombre d’attributs : simplicité, souplesse, acceptabilité, fiabilité mais mobilise d’importantes ressources humaines et financières.</p>
</div>
</div>

<p>Le recensement des cas est effectué de façon active dans les services ayant accepté la mise en place du Registre. L’organisation du recueil varie en fonction de chaque structure sanitaire et s’adapte aux activités du service&nbsp;: taille du service, spécialité, &hellip; </p>
